factor of l and u?
21
Let k(o) = 34*o + 552. Let r be k(-16). What is the highest common factor of 3232 and r?
8
Let y be -10*((-6)/4 + 1). Let w = 48 - 40. Let l = 9 - w. What is the highest common divisor of y and l?
1
Suppose -l + 40 = 4*r, -r = 5*l - 98 - 102. Suppose 6*h = 4*h + 14. Let v = 12 - h. What is the highest common divisor of l and v?
5
Let u = 778 - 443. What is the highest common factor of 134 and u?
67
Let k = 2 + -6. Let z be (-74)/(-8) - (-1)/k. Let g be 19 - (-6 - z/(-3)). What is the greatest common factor of g and 11?
11
Suppose 2*c = 2*d - 100, 3*d = -9*c + 7*c + 140. Calculate the greatest common factor of 12 and d.
12
Let y(r) = 3*r**3 + 121*r**2 + 40*r + 10. Let a be y(-40). Calculate the highest common divisor of 590 and a.
10
Let i(k) = k**2 - 12*k - 19. Let p be i(-2). Calculate the highest common factor of 72 and p.
9
Let q(t) = -t**3 - 14*t**2 - 29*t + 28. Let z be q(-12). Calculate the highest common factor of z and 40.
8
Suppose 451*c - 132 = 445*c. What is the greatest common factor of 2398 and c?
22
Let p be 3*(-4)/(-12) - 2. Let h be p/(-5) + (-512)/(-40). Calculate the greatest common factor of 13 and h.
13
Let h = 4 + 0. Suppose -h*x + 138 = -5*r - x, -158 = 5*r + 2*x. Let d be (-2)/((-5)/(r/(-4))). What is the greatest common factor of d and 2?
1
Suppose 4*i = -2*z - 7 - 3, 0 = -z + 3*i + 20. Let w(h) = 3*h - 13. Let j be w(z). What is the highest common divisor of 2 and j?
2
Let a = 3054 - 2302. Calculate the highest common divisor of a and 235.
47
Suppose 0 = 2*o + 2*i - 552, 2*o - 2*i + 160 = 700. What is the greatest common factor of 741 and o?
39
Let z(s) = -3*s**2 - s**2 + 6*s**2 - 1. Let y be z(1). Let n = -846 - -847. Calculate the highest common divisor of n and y.
1
Suppose 1353 = 2*q + 5*z, -12*q - 3430 = -17*q - 3*z. Calculate the highest common factor of 13 and q.
13
Let h = 264 + -215. What is the greatest common factor of 343 and h?
49
Suppose 101 - 213 = -28*q. Calculate the highest common factor of q and 131.
1
Let g(h) = 3*h - 2 + 12 + 5 - 4*h. Let a be g(-15). Let m be ((-2)/(-2))/((-6 - -5)/(-45)). What is the highest common factor of a and m?
15
Let v = 54 + -9. What is the greatest common factor of v and 360?
45
Let v be (-692)/(-36) + 2/(-9). Let s(d) = 17*d**2 - 1. Suppose 3*x + 2*c = x + 12, c = -3*x + 12. Let u be s(x). What is the greatest common factor of v and u?
19
Suppose 0 = -4*s - 9 + 45. What is the highest common divisor of s and 9?
9
Suppose -p = -4*p - 9, -w = p - 1. Suppose 0 = w*t - 5*z - 62, 5*t - 3*z = 6*t - 7. What is the greatest common factor of t and 104?
13
Let h = -9046 + 9055. Suppose -2*y - 2*y = -2*q - 296, -3*y = -q - 220. Calculate the highest common factor of h and y.
9
Let y = -1416 - -1503. What is the highest common divisor of y and 319?
29
Let p(s) = 4*s**2 + 13*s + 16. Let d be p(-3). Let y(q) = 12*q**3 - q**2 - q + 1. Let m be y(2). What is the highest common divisor of m and d?
13
Let t be (-6)/15 + (1 - 3/5). Suppose 5*f + 2*f - 84 = t. What is the greatest common factor of 30 and f?
6
Let h be 21/14*(0 - 8). Let v = h + 40. What is the greatest common factor of 42 and v?
14
Let v(h) = 11*h**2 - 4*h - 6. Let d be v(-3). Suppose -3*l - d = -273. What is the highest common factor of 42 and l?
14
Let x be 0 - (-770 - 8/(-4)). Suppose -2*d + x = 2*d. Suppose g - d = -2*w + 2*g, -4*w + 374 = 3*g. What is the greatest common factor of 19 and w?
19
Suppose -4 = 3*z + 2*a, 0 = -z - 5*a - 6 - 17. Suppose 0*l - 56 = -z*l. What is the greatest common divisor of l and 70?
14
Let i(q) = -2*q**3 - 11*q**2 + 3*q - 10. Let x be 3*2/(-3) - 4. Let b be i(x). Calculate the greatest common divisor of b and 104.
8
Let h = 14 - 7. Suppose 2*r = -48 + 284. Suppose 8 + r = 2*c. Calculate the highest common factor of c and h.
7
Suppose -4*j - z + 0*z + 1418 = 0, 0 = 2*j - z - 712. Suppose j - 83 = 2*p. Suppose -6*q = -26*q + 340. What is the greatest common factor of q and p?
17
Let v be (-2 - -4)*(2 + 2/(-4)). Calculate the highest common factor of v and 81.
3
Let l be -1 - 0 - (-4)/1. Suppose 4*b - 269 = -5*o + 1179, l*b = -2*o + 582. Calculate the highest common divisor of o and 32.
32
Let b = 194 + -149. What is the greatest common divisor of 63 and b?
9
Suppose 52 = 2*z - 260. Let d(f) = f**3 + 8*f**2 - 10*f + 3. Let u be d(-9). What is the highest common divisor of z and u?
12
Let x be (-8)/(-80) + 62/(-20). Let z(j) = -14*j + 12. Let k be z(x). Calculate the greatest common factor of k and 54.
54
Suppose -4*m + 48 = 2*m. Suppose 2*c - m = 10*c. Let x be 17*(c - (-15)/5). What is the greatest common factor of 102 and x?
34
Let x = 26 - 18. Suppose -x*v + 385 = -3*v. What is the greatest common factor of 7 and v?
7
Let a = -270 + 350. What is the greatest common divisor of 20 and a?
20
Suppose p - 2*f - 1 = -0*p, -3*f - 9 = 0. Let a be -2*(3 + (-28)/8 + 0). Let h be (p - -6)*34*a. Calculate the greatest common divisor of h and 170.
34
Let q be ((-27)/81 + (-14)/12)*-6. What is the greatest common divisor of q and 2169?
9
Let n(z) be the third derivative of -z**4/12 + 17*z**3/3 + 2*z**2. Let t be n(8). Calculate the highest common factor of 9 and t.
9
Let d = -3 - -4. Let z = d + 0. Suppose 3*v + 12 = 9*v. Calculate the greatest common factor of z and v.
1
Suppose -3*l = 2*x + 3*x + 19, 3*l - 26 = 4*x. Suppose 16 = -l*n + 64. Let p be (6/(-7))/((-2)/56). What is the greatest common divisor of n and p?
24
Suppose -22*r + 10697 + 655 = 0. What is the greatest common divisor of r and 12?
12
Suppose m = -q + 15, 2*q - 2*m - 17 = 9. Calculate the highest common divisor of q and 10.
2
Let t be (2 + -38)*(-13)/39. Suppose -2*f + t = 5*i - 7, 5*i - f - 13 = 0. Calculate the highest common divisor of i and 9.
3
Let c be 17630/(-30) + -7 - 4/(-6). Let w be (-2)/11 + (-9)/(c/2784). Calculate the highest common divisor of w and 210.
42
Suppose -144*v + 146*v - 3441 = -3*m, 5*v + 3*m - 8598 = 0. What is the highest common factor of v and 9?
9
Let k be 17/((-1309)/396)*7/(-1). Calculate the highest common factor of k and 117.
9
Let p = 600 + -465. What is the highest common factor of 225 and p?
45
Let q(v) = -2*v - 8. Let y be q(-11). Suppose -3*f = -12 - 3. Suppose 0*z - f*z = -490. What is the greatest common divisor of z and y?
14
Suppose 14*z - 24*z + 480 = 0. What is the greatest common factor of 528 and z?
48
Let g(o) = -2*o**2 + 7*o + 2. Let b be g(4). Let z be (-136)/(-14) + b/(-7). What is the greatest common divisor of z and 30?
10
Let d = 873 - 328. Calculate the greatest common factor of 654 and d.
109
Let z be (-60)/(-2) + (0 - 1). Let d be (-1 + 0)/((-13)/39) + z. What is the highest common divisor of d and 8?
8
Suppose 4*r = 5*s - 5 - 1, r + 5*s - 11 = 0. Let t be 22 - ((0 + -2)/2)/r. Calculate the highest common divisor of 253 and t.
23
Let h be (-20)/(-4)*(3 + -2). Suppose 0 = 3*q - 21 - 3. Suppose -q*o + 30 = l - 3*o, -5*l + 4*o + 237 = 0. Calculate the greatest common factor of h and l.
5
Let b be ((-1)/2)/((-3)/246). Let k = -5 + b. Suppose -i = -5*r - 27, -2*i + 5*r + 44 = 5. Calculate the highest common divisor of i and k.
12
Let m(n) = 2*n**2 - 19*n - 135. Let q be m(-27). Calculate the greatest common divisor of q and 34.
34
Let f(x) = 2*x**2 + x - 2. Let y be (-4 - -1)/(3/2). Let o be f(y). What is the greatest common factor of 4 and o?
4
Let l = -504 - -634. What is the highest common divisor of l and 1040?
130
Let y = 2371 - 2219. Let i(o) = -3*o + 1. Let z be i(-6). What is the highest common divisor of z and y?
19
Let q be ((-9)/3 - -2) + 2. Let a be q/4 + (-225)/36. Let v be (2/a)/((-4)/72). Calculate the greatest common factor of v and 48.
6
Let s = -56 - -61. Let m be (65/20)/(s/480). Calculate the highest common factor of 39 and m.
39
Let o(h) = -h**2 + 5*h + 60. Let w be o(0). Let a = w + 48. Calculate the highest common divisor of a and 12.
12
Let a(p) = p**2 + 8*p + 2. Let o be a(-11). What is the highest common divisor of 5 and o?
5
Let a = -147 + 189. Let r(o) = o**2 - 2*o + 5. Let s be r(-6). Suppose -87 - s = -5*f. What is the greatest common divisor of f and a?
14
Let u = 37 + -17. Calculate the highest common factor of 80 and u.
20
Suppose -3*l = -5*y + 665, y = 17*l - 14*l + 121. What is the highest common factor of 64 and y?
8
Sup